sands digit of 52237?
2
What is the tens digit of 181872?
7
What is the hundred thousands digit of 422935?
4
What is the millions digit of 4388338?
4
What is the tens digit of 245909?
0
What is the hundred thousands digit of 174935?
1
What is the millions digit of 4551286?
4
What is the thousands digit of 1283841?
3
What is the ten thousands digit of 119849?
1
What is the hundreds digit of 209313?
3
What is the hundred thousands digit of 109918?
1
What is the ten thousands digit of 175006?
7
What is the thousands digit of 703481?
3
What is the hundreds digit of 238879?
8
What is the ten thousands digit of 824943?
2
What is the thousands digit of 553793?
3
What is the hundred thousands digit of 6633936?
6
What is the ten thousands digit of 646128?
4
What is the hundred thousands digit of 13097533?
0
What is the hundred thousands digit of 2383600?
3
What is the units digit of 633852?
2
What is the thousands digit of 11157684?
7
What is the thousands digit of 149171?
9
What is the ten thousands digit of 229646?
2
What is the millions digit of 1146796?
1
What is the hundred thousands digit of 469659?
4
What is the thousands digit of 902415?
2
What is the hundred thousands digit of 454180?
4
What is the millions digit of 26551661?
6
What is the millions digit of 28160586?
8
What is the ten thousands digit of 8125468?
2
What is the hundred thousands digit of 506509?
5
What is the tens digit of 591225?
2
What is the thousands digit of 140436?
0
What is the hundreds digit of 1071726?
7
What is the hundreds digit of 1248177?
1
What is the tens digit of 2482450?
5
What is the units digit of 527961?
1
What is the tens digit of 93986?
8
What is the tens digit of 349806?
0
What is the thousands digit of 1834660?
4
What is the tens digit of 194335?
3
What is the hundreds digit of 9103342?
3
What is the ten millions digit of 11110044?
1
What is the tens digit of 234789?
8
What is the ten millions digit of 39387335?
3
What is the hundred thousands digit of 381708?
3
What is the thousands digit of 18066387?
6
What is the thousands digit of 34047?
4
What is the hundreds digit of 39462?
4
What is the tens digit of 11040?
4
What is the hundred thousands digit of 2642123?
6
What is the tens digit of 13104353?
5
What is the tens digit of 3652722?
2
What is the hundreds digit of 95266?
2
What is the hundreds digit of 657128?
1
What is the tens digit of 2765495?
9
What is the thousands digit of 16469256?
9
What is the hundred thousands digit of 147260?
1
What is the thousands digit of 2004399?
4
What is the thousands digit of 474255?
4
What is the hundred thousands digit of 8980498?
9
What is the ten thousands digit of 268343?
6
What is the millions digit of 1128716?
1
What is the hundred thousands digit of 1055405?
0
What is the units digit of 1926504?
4
What is the hundred thousands digit of 114534?
1
What is the hundreds digit of 404678?
6
What is the hundreds digit of 2962169?
1
What is the units digit of 695487?
7
What is the tens digit of 3284519?
1
What is the tens digit of 54209?
0
What is the ten thousands digit of 4278097?
7
What is the hundreds digit of 1327905?
9
What is the hundred thousands digit of 2919379?
9
What is the tens digit of 177294?
9
What is the ten thousands digit of 366893?
6
What is the tens digit of 2508638?
3
What is the tens digit of 76146?
4
What is the tens digit of 181524?
2
What is the hundred thousands digit of 981605?
9
What is the ten thousands digit of 162860?
6
What is the ten thousands digit of 2830962?
3
What is the ten thousands digit of 1735499?
3
What is the hundreds digit of 716642?
6
What is the ten thousands digit of 351076?
5
What is the hundred thousands digit of 834531?
8
What is the thousands digit of 452704?
2
What is the units digit of 1286550?
0
What is the thousands digit of 509762?
9
What is the thousands digit of 4436451?
6
What is the tens digit of 8912179?
7
What is the ten thousands digit of 7406426?
0
What is the ten thousands digit of 328203?
2
What is the tens digit of 1120019?
1
What is the ten millions digit of 25780324?
2
What is the units digit of 862442?
2
What is the thousands digit of 474007?
4
What is the thousands digit of 661353?
1
What is the ten thousands digit of 1258924?
5
What is the tens digit of 328772?
7
What is the tens digit of 429766?
6
What is the units digit of 1000350?
0
What is the ten thousands digit of 7571184?
7
What is the hundred thousands digit of 14401558?
4
What is the millions digit of 6305835?
6
What is the millions digit of 2816246?
2
What is the hundred thousands digit of 271024?
2
What is the units digit of 432239?
9
What is the ten thousands digit of 284276?
8
What is the tens digit of 15379985?
8
What is the hundreds digit of 1848430?
4
What is the ten thousands digit of 24195?
2
What is the units digit of 477567?
7
What is the tens digit of 116368?
6
What is the millions digit of 1070099?
1
What is the units digit of 3103919?
9
What is the units digit of 14508403?
3
What is the units digit of 341575?
5
What is the hundreds digit of 474707?
7
What is the hundred thousands digit of 194733?
1
What is the tens digit of 30243213?
1
What is the units digit of 63164?
4
What is the ten thousands digit of 5771966?
7
What is the thousands digit of 1966360?
6
What is the thousands digit of 10782709?
2
What is the ten thousands digit of 748412?
4
What is the thousands digit of 6101052?
1
What is the thousands digit of 599962?
9
What is the thousands digit of 26604078?
4
What is the units digit of 991164?
4
What is the thousands digit of 409638?
9
What is the hundred thousands digit of 242409?
2
What is the units digit of 2557188?
8
What is the ten thousands digit of 11067?
1
What is the units digit of 6227803?
3
What is the ten thousands digit of 21803366?
0
What is the ten thousands digit of 175821?
7
What is the ten thousands digit of 2616692?
1
What is the millions digit of 28867530?
8
What is the millions digit of 1240611?
1
What is the thousands digit of 1087962?
7
What is the hundreds digit of 6623478?
4
What is the hundreds digit of 22098298?
2
What is the thousands digit of 4780961?
0
What is the tens digit of 1104343?
4
What is the hundreds digit of 436120?
1
What is the hundreds digit of 319048?
0
What is the hundred thousands digit of 977600?
9
What is the thousands digit of 323257?
3
What is the units digit of 9343496?
6
What is the thousands digit of 826404?
6
What is the millions digit of 4859532?
4
What is the thousands digit of 395546?
5
What is the ten thousands digit of 159414?
5
What is the hundreds digit of 3822686?
6
What is the ten thousands digit of 3186721?
8
What is the ten thousands digit of 5726227?
2
What is the millions digit of 2738913?
2
What is the thousands digit of 1842277?
2
What is the tens digit of 52407?
0
What is the units digit of 6293092?
2
What is the tens digit of 166822?
2
What is the thousands digit of 143995?
3
What is the thousands digit of 3986469?
6
What is the thousands digit of 221478?
1
What is the millions digit of 1414679?
1
What is the millions digit of 3871771?
3
What is the tens digit of 79385?
8
What is the thousands digit of 545744?
5
What is the hundreds digit of 110854?
8
What is the millions digit of 11970897?
1
What is the tens digit of 473574?
7
What is the units digit of 36683?
3
What is the hundred thousands digit of 3864512?
8
What is the tens digit of 450467?
6
What is the thousands digit of 281167?
1
What is the tens digit of 2072838?
3
What is the tens digit of 19109828?
2
What is the thousands digit of 4387752?
7
What is the tens digit of 724307?
0
What is the tens digit of 367267?
6
What is the hundreds digit of 219325?
3
What is the hundreds digit of 6835444?
4
What is the millions digit of 1552040?
1
What is the tens digit of 3019032?
3
What is the hundreds digit of 241184?
1
What is the hundreds digit of 10968826?
8
What is the hundreds digit of 219111?
1
What is the hundred thousands digit of 12099835?
0
What is the tens digit of 1183001?
0
What is the units digit of 3279559?
9
What is the units digit of 208903?
3
What is the millions digit of 1150020?
1
What is the ten thousands digit of 1761267?
6
What is the thousands digit of 7042844?
2
What is the millions digit of 16507911?
6
What is the u